ime factors of g(-5).
2, 3, 13
Let i(p) = 30*p**3 - p**2 + 2*p - 1. What are the prime factors of i(1)?
2, 3, 5
Let h(t) = 4*t**2 - 4*t + 3. Let z be h(2). Suppose -5*x + z = 231. What are the prime factors of x/(-2)*3/6?
11
Suppose 0 = -5*a + 14 + 126. Suppose -j = -3*v - 11, -2*j + a = 2*j - 4*v. What are the prime factors of j?
5
Suppose -54 = 4*a - 2*a - 4*g, 0 = -5*a + g - 117. Let j = -10 - a. List the prime factors of j.
13
Let y = -33 + 61. List the prime factors of y.
2, 7
Let r = 61 + 20. List the prime factors of r.
3
Suppose -2*r = 5*d - 1030, d + 2*r = 28 + 170. What are the prime factors of d?
2, 13
Suppose 2*y - 29 - 9 = 0. List the prime factors of y.
19
Let h be (-47 - -9)*1/2. Let o = 34 + h. Suppose -3*v + t + o = -37, -4*v = -t - 71. List the prime factors of v.
19
Let u(f) = -3*f - 14. What are the prime factors of u(-11)?
19
Let c(d) = d**2 - d - 4. Let i(g) = g**2 + 2*g - 3. Let t be i(-3). Let v(a) = a**3 - a**2 + 4. Let o be v(t). What are the prime factors of c(o)?
2
Let m(p) = -p**2 + 6*p - 1. Let q = -1 - -7. Let f be m(q). List the prime factors of 9/2 + f/(-2).
5
Let y(n) = -8*n**2 + 12*n - 15. Let b(u) = -9*u - 5*u + 6*u - 4*u + 15 + 7*u**2. Let w(s) = 7*b(s) + 6*y(s). What are the prime factors of w(11)?
2
Let j = -23 - -13. Let q = j - -16. List the prime factors of q.
2, 3
Suppose 32 = -3*c - c + 4*g, 3*c - 2*g + 24 = 0. Let q(z) be the third derivative of z**4/24 + 11*z**3/6 - z**2. What are the prime factors of q(c)?
3
Suppose 0 = -6*j - 2*j + 648. What are the prime factors of j?
3
Let x = 11 - 6. Let f(k) = k + 5. Let t be f(x). What are the prime factors of t*(3/2 + -1)?
5
Suppose -4*n + 0*n + 10 = -2*g, 0 = 3*n + 4*g + 20. Suppose -3*r + 4*r = 2. Let w = n + r. What are the prime factors of w?
2
Let j = -5 + 4. Let n(l) = 3*l**2 - l - 1. Let z be n(j). What are the prime factors of 5 - 3 - -18 - z?
17
Let o = 73 - -97. List the prime factors of o.
2, 5, 17
Suppose 6*c + 187 = 7*c + 4*f, 394 = 2*c + 3*f. List the prime factors of c.
7, 29
Let v(p) = 7*p**2 - 2*p - 1. List the prime factors of v(-2).
31
Suppose -5*f + 7 + 23 = 0. What are the prime factors of f?
2, 3
Suppose 3*q + 14 - 86 = 0. What are the prime factors of q?
2, 3
Let l be ((-6)/3)/(0 + -1). Suppose 2*f = -5*q + 2*q + 22, 2*q - 14 = -l*f. What are the prime factors of q?
2
Suppose 15 = 119*o - 118*o. What are the prime factors of o?
3, 5
Suppose 0 = -4*k - 2*h + 544, 3*h - 679 = -k - 4*k. List the prime factors of k.
137
Suppose j - 10 = -3*f + 79, -3*j = 4*f - 117. Let r = f - 8. List the prime factors of r.
2, 11
What are the prime factors of ((-3)/(-2))/(1 - 1505/1520)?
2, 19
Let v be (-3 - -4)/(2/30). What are the prime factors of (v - 1) + (-2 - 0)?
2, 3
Suppose 3*q - 10 = -2*o, 3*o + 2*q = -0*q + 10. Let m = o + 10. List the prime factors of m.
2, 3
Let i = -12 + 63. Suppose 3*p = 6*p + 90. Let h = p + i. List the prime factors of h.
3, 7
Let g be 2*((-27)/2)/(-9). Let q(x) = 5*x - 2. What are the prime factors of q(g)?
13
Let f(l) = 3*l + 3. Let o be f(-4). Let v = -4 - o. Suppose v*p = 4*r + 9, -2*p + r + 3 + 3 = 0. List the prime factors of p.
5
Suppose -6*d + 91 = -143. What are the prime factors of d?
3, 13
Suppose -s - 3*i + 17 = -0*s, -3*s = 4*i - 26. Let q be ((-6)/(-2))/(6/4). Suppose -q*a - 3*a + 25 = -x, -s*x = 0. List the prime factors of a.
5
Let z(s) = s - 5. Let u be z(5). Suppose -3*x = 4*r - 13, -r - x + 3 = -u*r. Suppose -r*q - w + 48 = 0, -6*q + w = -q - 60. List the prime factors of q.
2, 3
Let t = 10 - 8. Let m be (-1 - 2)/3*-4. Suppose t*h - m = h. List the prime factors of h.
2
Let x(g) be the first derivative of -3*g**2/2 + 4*g - 8. List the prime factors of x(-7).
5
Suppose -4*k + 5*k = -x + 59, -122 = -2*k - 3*x. List the prime factors of k.
5, 11
Suppose 0 = 5*h + 18 - 3. Let n = 5 + h. What are the prime factors of n?
2
Suppose -1 = 2*a + m - 33, a = -5*m - 2. Suppose w + a = -2*t - 12, 2*w + 2*t + 52 = 0. Let q = w + 40. List the prime factors of q.
2, 3
Let g(i) = 3*i - 8. Let v(q) = -8*q + 24. Let w(t) = 7*g(t) + 2*v(t). List the prime factors of w(6).
2, 11
Let x = 7 - 2. What are the prime factors of x?
5
Suppose 5*m + 3*d = 4*m + 27, 3*d = 5*m - 207. What are the prime factors of m?
3, 13
List the prime factors of (-2)/3 + (-220)/(-6).
2, 3
Let f(a) = -15*a + 1. List the prime factors of f(-3).
2, 23
Let w = 2 - 4. List the prime factors of 3 + 2 + w/(-1).
7
Let j(v) = -v**2 - v + 2. Let g be j(-5). List the prime factors of (g/4 + 1)*-6.
3, 7
Let c = -9 + 15. Suppose -2*r + c + 18 = 0. What are the prime factors of r?
2, 3
Suppose d + 2 + 0 = 0. What are the prime factors of 55 + 1/d*4?
53
Suppose 2*x - 4*d - 185 = -29, 4*x + 3*d - 323 = 0. What are the prime factors of x?
2, 5
Let k(i) = -i - 8. Let m be k(-6). Let b = m - -4. What are the prime factors of b?
2
Let l(m) = -m. Let n be l(4). Let u be n/(-18) + 310/(-18). Let w = u - -30. What are the prime factors of w?
13
Suppose v = x - 2*v - 281, x = 2*v + 279. List the prime factors of x.
5, 11
Suppose 329 = a - 2*s, -3*a - 1655 = -8*a + 5*s. List the prime factors of a.
3, 37
Suppose 4*t = 4*a + t - 227, -2*t - 10 = 0. List the prime factors of a.
53
Suppose 0 = 4*v - 2*v - 4. Suppose c - 24 = v*j, j + 4*j = -3*c + 39. What are the prime factors of c?
2, 3
Suppose r + 3*p = -7, -4*r = p + 4*p + 14. Let i(d) = 3*d**2 + 5 + 2*d**2 - 2*d**2 - 4. List the prime factors of i(r).
2
What are the prime factors of (28 + -2)/(-2 - -4)?
13
Let x(t) = -t + 2. Let a be x(7). Let v = a + 8. Suppose 20 = -v*q + 56. List the prime factors of q.
2, 3
Let q = -4 + 36. What are the prime factors of q?
2
Let r = -17 + 19. What are the prime factors of r?
2
Let p(y) = y - 5. Let v be p(5). Suppose 20 = -v*j + 4*j. Suppose 3*s - 39 = -0*l + 4*l, j*l + 42 = 3*s. What are the prime factors of s?
3
Suppose 3*n = -5*x + 34, -6 - 15 = -3*x - 2*n. Suppose 0 = -x*a - z + 45, 5*a - 15 = -2*z + 25. What are the prime factors of a?
2, 5
Let h = 114 + -49. List the prime factors of h.
5, 13
Suppose 0*u - 328 = 4*u. Let r = -49 - u. List the prime factors of r.
3, 11
Let x(r) = -r**2 + 8*r + 2. Let u = 13 + -7. List the prime factors of x(u).
2, 7
List the prime factors of 84 - ((-3)/4 + 2/(-8)).
5, 17
Let x = -152 + 264. List the prime factors of x.
2, 7
Suppose k - 2*h - 40 = -0*k, -48 = -k - 2*h. Suppose 0 = -0*w + 4*w - k. List the prime factors of w.
11
Let u(l) = -7*l - 1. Let o(p) = -20*p - 4. Let w(q) = -6*o(q) + 17*u(q). Suppose -2*n = 5*t + 20, 0 = -2*t - 1 - 3. What are the prime factors of w(n)?
2
Let f(o) = o**3 + 19. Let h be f(0). Suppose 4*p = -8, 3*m + 5*p + h = -0*m. What are the prime factors of 5*(m - (-72)/15)?
3
Let j = 9 + -1. List the prime factors of j.
2
Suppose g + 30 = -4*g. Let c be (-484)/(-24) + 1/g. What are the prime factors of c/9 - (-2)/(-9)?
2
Suppose 0 = 10*j - 102 + 12. List the prime factors of j.
3
Suppose -5*l = -s - 0*s - 42, 5*s + 3 = 2*l. Let y = -6 - l. Let p = y - -25. List the prime factors of p.
2, 5
Suppose c = 3*c - 18. What are the prime factors of c?
3
Let f(m) = 3*m + 5. List the prime factors of f(8).
29
Suppose -17*b - 702 = -23*b. What are the prime factors of b?
3, 13
Let h(r) be the first derivative of -r**5/60 - r**4/4 + r**2 + 2. Let b(w) be the second derivative of h(w). What are the prime factors of b(-5)?
5
Let x be 3 - 1 - 9/(-3). Suppose 3*c + 10 = x*c + 2*o, 4*c - 4 = 4*o. What are the prime factors of c?
3
List the prime factors of 3 + (4 - 8)/((-4)/8).
11
What are the prime factors of (-10 - 3)/((-7)/14)?
2, 13
Let c = 105 + -92. Let x be -2*2/(-6)*-9. Let d = x + c. What are the prime factors of d?
7
Let g be (0 + 68)*(-3)/(-2). Suppose 5*k + 4*d = 170, 4*d + g = 3*k - 0*d. List the prime factors of k.
2, 17
Let l(q) = -q**3 - 2*q**2 - 3*q. Let w = -7 - -5. What are the prime factors of l(w)?
2, 3
Let z(l) = 12*l**2 + l - 4. Let v(n) = 12*n**2 + n - 5. Let i(m) = -5*v(m) + 6*z(m). List the prime factors of i(-1).
2, 3
Let v = -5 + 7. Suppose 3*p - 10 = -v*j, -p = 2*p. What are the prime factors of j/4*2*4?
2, 5
Suppose 2*i + 29 = n, 18 = 2*n - 2*i - 40. What are the prime factors of n?
29
Let k = 67 + -6. What are the prime factors of k?
61
Let s(v) be the third derivative of 11*v**4/24 + v**3/6 - 4*v**2.